{"id":1951,"date":"2025-04-08T09:15:16","date_gmt":"2025-04-08T07:15:16","guid":{"rendered":"https:\/\/kaminland.de\/shop\/?post_type=product&#038;p=1951"},"modified":"2026-04-15T14:48:06","modified_gmt":"2026-04-15T12:48:06","slug":"pelletofen-jotul-pf-732","status":"publish","type":"product","link":"https:\/\/kaminland.de\/shop\/produkt\/pelletofen-jotul-pf-732\/","title":{"rendered":"Pelletofen Jotul PF 732"},"content":{"rendered":"<p>Der Jotul PF 732 &#8211; Ein stilvoller Pelletofen<\/p>\n<p>Dieser rechteckige Pelletofen verf\u00fcgt \u00fcber einen modernen Touch, der die Atmosph\u00e4re Ihres Wohnzimmers erw\u00e4rmen wird. Egal, ob Sie sich f\u00fcr klassisches Schwarz oder Schwarz-Grau-Kontrast entscheiden, wird unabh\u00e4ngig von Trends passen.<br \/>\nDer J\u00f8tul PF 732 verf\u00fcgt \u00fcber einen dezentralen oberen Rauchabzug, sodass er n\u00e4her an der Wand installiert werden kann, wodurch betr\u00e4chtlicher Platz gespart und eine \u00e4sthetischere Verbindung geschaffen wird.<br \/>\nDank des intuitiven Touchscreens k\u00f6nnen Sie ihn ganz einfach programmieren oder verwenden Sie die Fernbedienung von Ihrem Lieblingsplatz auf dem Sofa aus.<br \/>\nDer J\u00f8tul PF 732 ist mit einer auskuppelbaren L\u00fcftung ausgestattet, sodass Sie ihn entweder mit nat\u00fcrlicher Konvektion betreiben oder den L\u00fcfter zur W\u00e4rmezirkulation verwenden k\u00f6nnen, es liegt an Ihnen.<\/p>\n<p><strong>AUSSTELLUNGSST\u00dcCK<\/strong><\/p>\n<p>Mindestleistung : 2,9 kW<\/p>\n<p><img decoding=\"async\" class=\" wp-image-1087\" title=\"a\" src=\"https:\/\/kaminland.de\/shop\/wp-content\/uploads\/2019\/08\/a.png\" alt=\"a\" width=\"78\" height=\"34\" \/><\/p>\n<ul>\n<li>H\u00f6he: 1096 mm<\/li>\n<li>Breite: 469 mm<\/li>\n<li>Tiefe: 593 mm<\/li>\n<\/ul>\n<p>Gewicht: 116 kg<\/p>\n<p>Mehr Infos zum <a href=\"https:\/\/www.jotul.de\/produkte\/pellets\/pelletofen\/jotul-pf-732\">Jotul PF 732<\/a><\/p>\n<p>&nbsp;<\/p>\n<h2><a href=\"https:\/\/kaminland.de\/\"><strong>Kaminland<\/strong><\/a><\/h2>\n<p>Als Kaminland Ende der 70er Jahre in Oldenburg unter dem Namen Dan Skan als<br \/>\nEinzelhandel f\u00fcr Kamin\u00f6fen und Zubeh\u00f6r gegr\u00fcndet wurde, steckte die Branche<br \/>\nin Deutschland noch in den Kinderschuhen. Das junge Unternehmen z\u00e4hlte zu<br \/>\nden ersten Spezialgesch\u00e4ften des Landes und arbeitete eng mit den gerade<br \/>\nbeginnenden Kaminofenproduzenten zusammen. Gemeinsam entwickelten die<br \/>\nPioniere zahlreiche Details, die heute selbstverst\u00e4ndlich zu jedem Ofen geh\u00f6ren.<br \/>\nKooperationen mit Zukunft: Zum Beispiel die fruchtbare Zusammenarbeit<br \/>\nzwischen Kaminland und den Firmen SCAN und Hase besteht schon seit Jahrzehnten.<\/p>\n<p>Bei ihrem Programm verzichtet die Firma Kaminland bewusst auf \u00d6fen aus \u00f6stlicher und fern\u00f6stlicher Produktion.<br \/>\nAlle Ger\u00e4te kommen aus Deutschland, D\u00e4nemark, Norwegen, Schweden oder der Schweiz.<br \/>\nAlle Hersteller haben sich \u00fcber viele Jahre als Qualit\u00e4tsproduzenten etabliert. Vor diesem Hintergrund kann<br \/>\nKaminland sein Garantieversprechen einl\u00f6sen und auch Ersatzteile f\u00fcr die<br \/>\nmeisten \u00d6fen liefern und einbauen, die schon viele Jahre in Betrieb sind.<br \/>\nNeben den hochwertigen Produkten ist das umfangreiche Fachwissen der Mitarbeiter von zentraler Bedeutung. Die Verkaufsteams erhalten st\u00e4ndig Schulungen. Von der langj\u00e4hrigen Erfahrung profitieren in einem stetigen Know-How-Transfer auch neue Mitarbeiter &#8211; Erfahrung, Kompetenz und Wissen der gesamten Kaminland Gruppe nutzt so von den Mitarbeitern \u00fcber das Unternehmen bis zu den Kunden allen Beteiligten.<\/p>\n<p>&nbsp;<\/p>\n","protected":false},"excerpt":{"rendered":"<h4>Pelletofen Jotul PF 732<\/h4>\n<p>Pelletofen der Marke Jotul, der Hersteller aus Norwegen.<\/p>\n<p>Das Modell hei\u00dft Jotul PF 732.<\/p>\n<p>Farbe: Schwarz<\/p>\n<p><strong>AUSSTELLUNGSST\u00dcCK &#8211; KAMINLAND GARBSEN<\/strong><\/p>\n<p>Mindestleistung : 2,9 kW<\/p>\n<p><img decoding=\"async\" class=\" wp-image-1087\" title=\"a\" src=\"https:\/\/kaminland.de\/shop\/wp-content\/uploads\/2019\/08\/a.png\" alt=\"a\" width=\"78\" height=\"34\" \/><\/p>\n<ul>\n<li>H\u00f6he: 1096 mm<\/li>\n<li>Breite: 469 mm<\/li>\n<li>Tiefe: 593 mm<\/li>\n<\/ul>\n<p>Gewicht: 116 kg<\/p>\n","protected":false},"featured_media":1952,"comment_status":"open","ping_status":"closed","template":"","meta":{"site-sidebar-layout":"default","site-content-layout":"","ast-site-content-layout":"default","site-content-style":"default","site-sidebar-style":"default","ast-global-header-display":"","ast-banner-title-visibility":"","ast-main-header-display":"","ast-hfb-above-header-display":"","ast-hfb-below-header-display":"","ast-hfb-mobile-header-display":"","site-post-title":"","ast-breadcrumbs-content":"","ast-featured-img":"","footer-sml-layout":"","ast-disable-related-posts":"","theme-transparent-header-meta":"default","adv-header-id-meta":"","stick-header-meta":"","header-above-stick-meta":"","header-main-stick-meta":"","header-below-stick-meta":"","astra-migrate-meta-layouts":"set","ast-page-background-enabled":"default","ast-page-background-meta":{"desktop":{"background-color":"var(--ast-global-color-4)","background-image":"","background-repeat":"repeat","background-position":"center center","background-size":"auto","background-attachment":"scroll","background-type":"","background-media":"","overlay-type":"","overlay-color":"","overlay-opacity":"","overlay-gradient":""},"tablet":{"background-color":"","background-image":"","background-repeat":"repeat","background-position":"center center","background-size":"auto","background-attachment":"scroll","background-type":"","background-media":"","overlay-type":"","overlay-color":"","overlay-opacity":"","overlay-gradient":""},"mobile":{"background-color":"","background-image":"","background-repeat":"repeat","background-position":"center center","background-size":"auto","background-attachment":"scroll","background-type":"","background-media":"","overlay-type":"","overlay-color":"","overlay-opacity":"","overlay-gradient":""}},"ast-content-background-meta":{"desktop":{"background-color":"var(--ast-global-color-5)","background-image":"","background-repeat":"repeat","background-position":"center center","background-size":"auto","background-attachment":"scroll","background-type":"","background-media":"","overlay-type":"","overlay-color":"","overlay-opacity":"","overlay-gradient":""},"tablet":{"background-color":"var(--ast-global-color-5)","background-image":"","background-repeat":"repeat","background-position":"center center","background-size":"auto","background-attachment":"scroll","background-type":"","background-media":"","overlay-type":"","overlay-color":"","overlay-opacity":"","overlay-gradient":""},"mobile":{"background-color":"var(--ast-global-color-5)","background-image":"","background-repeat":"repeat","background-position":"center center","background-size":"auto","background-attachment":"scroll","background-type":"","background-media":"","overlay-type":"","overlay-color":"","overlay-opacity":"","overlay-gradient":""}}},"product_brand":[],"product_cat":[67,59],"product_tag":[],"class_list":{"0":"post-1951","1":"product","2":"type-product","3":"status-publish","4":"has-post-thumbnail","6":"product_cat-pelletoefen","7":"product_cat-sofort-verfuegbar","8":"desktop-align-left","9":"tablet-align-left","10":"mobile-align-left","12":"first","13":"instock","14":"sale","15":"taxable","16":"shipping-taxable","17":"purchasable","18":"product-type-simple"},"yoast_head":"<!-- This site is optimized with the Yoast SEO plugin v27.5 - https:\/\/yoast.com\/product\/yoast-seo-wordpress\/ -->\n<title>Pelletofen Jotul PF 732 - Pellet\u00f6fen - modernes Heizen - Aussteller<\/title>\n<meta name=\"description\" content=\"Pellet\u00f6fen der Marke Jotul, der Hersteller aus Norwegen. Jotul PF 732. Mindestleistung 2,4kW. Sauberes und effizientes Heizen.\" \/>\n<meta name=\"robots\" content=\"index, follow, max-snippet:-1, max-image-preview:large, max-video-preview:-1\" \/>\n<link rel=\"canonical\" href=\"https:\/\/kaminland.de\/shop\/produkt\/pelletofen-jotul-pf-732\/\" \/>\n<meta property=\"og:locale\" content=\"de_DE\" \/>\n<meta property=\"og:type\" content=\"article\" \/>\n<meta property=\"og:title\" content=\"Pelletofen Jotul PF 732 - Pellet\u00f6fen - modernes Heizen - Aussteller\" \/>\n<meta property=\"og:description\" content=\"Pellet\u00f6fen der Marke Jotul, der Hersteller aus Norwegen. Jotul PF 732. Mindestleistung 2,4kW. Sauberes und effizientes Heizen.\" \/>\n<meta property=\"og:url\" content=\"https:\/\/kaminland.de\/shop\/produkt\/pelletofen-jotul-pf-732\/\" \/>\n<meta property=\"article:publisher\" content=\"https:\/\/www.facebook.com\/kaminland\/\" \/>\n<meta property=\"article:modified_time\" content=\"2026-04-15T12:48:06+00:00\" \/>\n<meta property=\"og:image\" content=\"https:\/\/kaminland.de\/shop\/wp-content\/uploads\/2021\/08\/pf732.jpg\" \/>\n\t<meta property=\"og:image:width\" content=\"2000\" \/>\n\t<meta property=\"og:image:height\" content=\"2000\" \/>\n\t<meta property=\"og:image:type\" content=\"image\/jpeg\" \/>\n<meta name=\"twitter:card\" content=\"summary_large_image\" \/>\n<meta name=\"twitter:label1\" content=\"Gesch\u00e4tzte Lesezeit\" \/>\n\t<meta name=\"twitter:data1\" content=\"3\u00a0Minuten\" \/>\n<script type=\"application\/ld+json\" class=\"yoast-schema-graph\">{\"@context\":\"https:\\\/\\\/schema.org\",\"@graph\":[{\"@type\":\"WebPage\",\"@id\":\"https:\\\/\\\/kaminland.de\\\/shop\\\/produkt\\\/pelletofen-jotul-pf-732\\\/\",\"url\":\"https:\\\/\\\/kaminland.de\\\/shop\\\/produkt\\\/pelletofen-jotul-pf-732\\\/\",\"name\":\"Pelletofen Jotul PF 732 - Pellet\u00f6fen - modernes Heizen - Aussteller\",\"isPartOf\":{\"@id\":\"https:\\\/\\\/kaminland.de\\\/shop\\\/#website\"},\"primaryImageOfPage\":{\"@id\":\"https:\\\/\\\/kaminland.de\\\/shop\\\/produkt\\\/pelletofen-jotul-pf-732\\\/#primaryimage\"},\"image\":{\"@id\":\"https:\\\/\\\/kaminland.de\\\/shop\\\/produkt\\\/pelletofen-jotul-pf-732\\\/#primaryimage\"},\"thumbnailUrl\":\"https:\\\/\\\/kaminland.de\\\/shop\\\/wp-content\\\/uploads\\\/2021\\\/08\\\/pf732.jpg\",\"datePublished\":\"2025-04-08T07:15:16+00:00\",\"dateModified\":\"2026-04-15T12:48:06+00:00\",\"description\":\"Pellet\u00f6fen der Marke Jotul, der Hersteller aus Norwegen. Jotul PF 732. Mindestleistung 2,4kW. Sauberes und effizientes Heizen.\",\"breadcrumb\":{\"@id\":\"https:\\\/\\\/kaminland.de\\\/shop\\\/produkt\\\/pelletofen-jotul-pf-732\\\/#breadcrumb\"},\"inLanguage\":\"de\",\"potentialAction\":[{\"@type\":\"ReadAction\",\"target\":[\"https:\\\/\\\/kaminland.de\\\/shop\\\/produkt\\\/pelletofen-jotul-pf-732\\\/\"]}]},{\"@type\":\"ImageObject\",\"inLanguage\":\"de\",\"@id\":\"https:\\\/\\\/kaminland.de\\\/shop\\\/produkt\\\/pelletofen-jotul-pf-732\\\/#primaryimage\",\"url\":\"https:\\\/\\\/kaminland.de\\\/shop\\\/wp-content\\\/uploads\\\/2021\\\/08\\\/pf732.jpg\",\"contentUrl\":\"https:\\\/\\\/kaminland.de\\\/shop\\\/wp-content\\\/uploads\\\/2021\\\/08\\\/pf732.jpg\",\"width\":2000,\"height\":2000,\"caption\":\"pf732\"},{\"@type\":\"BreadcrumbList\",\"@id\":\"https:\\\/\\\/kaminland.de\\\/shop\\\/produkt\\\/pelletofen-jotul-pf-732\\\/#breadcrumb\",\"itemListElement\":[{\"@type\":\"ListItem\",\"position\":1,\"name\":\"Startseite\",\"item\":\"https:\\\/\\\/kaminland.de\\\/shop\\\/\"},{\"@type\":\"ListItem\",\"position\":2,\"name\":\"Kaminland Shop\",\"item\":\"https:\\\/\\\/kaminland.de\\\/shop\\\/kaminland-shop\\\/\"},{\"@type\":\"ListItem\",\"position\":3,\"name\":\"Pelletofen Jotul PF 732\"}]},{\"@type\":\"WebSite\",\"@id\":\"https:\\\/\\\/kaminland.de\\\/shop\\\/#website\",\"url\":\"https:\\\/\\\/kaminland.de\\\/shop\\\/\",\"name\":\"Kaminland Shop\",\"description\":\"Alles rund um das Thema Feuer vom Fachh\u00e4ndler\",\"publisher\":{\"@id\":\"https:\\\/\\\/kaminland.de\\\/shop\\\/#organization\"},\"potentialAction\":[{\"@type\":\"SearchAction\",\"target\":{\"@type\":\"EntryPoint\",\"urlTemplate\":\"https:\\\/\\\/kaminland.de\\\/shop\\\/?s={search_term_string}\"},\"query-input\":{\"@type\":\"PropertyValueSpecification\",\"valueRequired\":true,\"valueName\":\"search_term_string\"}}],\"inLanguage\":\"de\"},{\"@type\":\"Organization\",\"@id\":\"https:\\\/\\\/kaminland.de\\\/shop\\\/#organization\",\"name\":\"Kaminland Online Shop\",\"url\":\"https:\\\/\\\/kaminland.de\\\/shop\\\/\",\"logo\":{\"@type\":\"ImageObject\",\"inLanguage\":\"de\",\"@id\":\"https:\\\/\\\/kaminland.de\\\/shop\\\/#\\\/schema\\\/logo\\\/image\\\/\",\"url\":\"https:\\\/\\\/kaminland.de\\\/shop\\\/wp-content\\\/uploads\\\/2024\\\/03\\\/cropped-KL-logo-neu.jpg\",\"contentUrl\":\"https:\\\/\\\/kaminland.de\\\/shop\\\/wp-content\\\/uploads\\\/2024\\\/03\\\/cropped-KL-logo-neu.jpg\",\"width\":823,\"height\":240,\"caption\":\"Kaminland Online Shop\"},\"image\":{\"@id\":\"https:\\\/\\\/kaminland.de\\\/shop\\\/#\\\/schema\\\/logo\\\/image\\\/\"},\"sameAs\":[\"https:\\\/\\\/www.facebook.com\\\/kaminland\\\/\"]}]}<\/script>\n<!-- \/ Yoast SEO plugin. -->","yoast_head_json":{"title":"Pelletofen Jotul PF 732 - Pellet\u00f6fen - modernes Heizen - Aussteller","description":"Pellet\u00f6fen der Marke Jotul, der Hersteller aus Norwegen. Jotul PF 732. Mindestleistung 2,4kW. Sauberes und effizientes Heizen.","robots":{"index":"index","follow":"follow","max-snippet":"max-snippet:-1","max-image-preview":"max-image-preview:large","max-video-preview":"max-video-preview:-1"},"canonical":"https:\/\/kaminland.de\/shop\/produkt\/pelletofen-jotul-pf-732\/","og_locale":"de_DE","og_type":"article","og_title":"Pelletofen Jotul PF 732 - Pellet\u00f6fen - modernes Heizen - Aussteller","og_description":"Pellet\u00f6fen der Marke Jotul, der Hersteller aus Norwegen. Jotul PF 732. Mindestleistung 2,4kW. Sauberes und effizientes Heizen.","og_url":"https:\/\/kaminland.de\/shop\/produkt\/pelletofen-jotul-pf-732\/","article_publisher":"https:\/\/www.facebook.com\/kaminland\/","article_modified_time":"2026-04-15T12:48:06+00:00","og_image":[{"width":2000,"height":2000,"url":"https:\/\/kaminland.de\/shop\/wp-content\/uploads\/2021\/08\/pf732.jpg","type":"image\/jpeg"}],"twitter_card":"summary_large_image","twitter_misc":{"Gesch\u00e4tzte Lesezeit":"3\u00a0Minuten"},"schema":{"@context":"https:\/\/schema.org","@graph":[{"@type":"WebPage","@id":"https:\/\/kaminland.de\/shop\/produkt\/pelletofen-jotul-pf-732\/","url":"https:\/\/kaminland.de\/shop\/produkt\/pelletofen-jotul-pf-732\/","name":"Pelletofen Jotul PF 732 - Pellet\u00f6fen - modernes Heizen - Aussteller","isPartOf":{"@id":"https:\/\/kaminland.de\/shop\/#website"},"primaryImageOfPage":{"@id":"https:\/\/kaminland.de\/shop\/produkt\/pelletofen-jotul-pf-732\/#primaryimage"},"image":{"@id":"https:\/\/kaminland.de\/shop\/produkt\/pelletofen-jotul-pf-732\/#primaryimage"},"thumbnailUrl":"https:\/\/kaminland.de\/shop\/wp-content\/uploads\/2021\/08\/pf732.jpg","datePublished":"2025-04-08T07:15:16+00:00","dateModified":"2026-04-15T12:48:06+00:00","description":"Pellet\u00f6fen der Marke Jotul, der Hersteller aus Norwegen. Jotul PF 732. Mindestleistung 2,4kW. Sauberes und effizientes Heizen.","breadcrumb":{"@id":"https:\/\/kaminland.de\/shop\/produkt\/pelletofen-jotul-pf-732\/#breadcrumb"},"inLanguage":"de","potentialAction":[{"@type":"ReadAction","target":["https:\/\/kaminland.de\/shop\/produkt\/pelletofen-jotul-pf-732\/"]}]},{"@type":"ImageObject","inLanguage":"de","@id":"https:\/\/kaminland.de\/shop\/produkt\/pelletofen-jotul-pf-732\/#primaryimage","url":"https:\/\/kaminland.de\/shop\/wp-content\/uploads\/2021\/08\/pf732.jpg","contentUrl":"https:\/\/kaminland.de\/shop\/wp-content\/uploads\/2021\/08\/pf732.jpg","width":2000,"height":2000,"caption":"pf732"},{"@type":"BreadcrumbList","@id":"https:\/\/kaminland.de\/shop\/produkt\/pelletofen-jotul-pf-732\/#breadcrumb","itemListElement":[{"@type":"ListItem","position":1,"name":"Startseite","item":"https:\/\/kaminland.de\/shop\/"},{"@type":"ListItem","position":2,"name":"Kaminland Shop","item":"https:\/\/kaminland.de\/shop\/kaminland-shop\/"},{"@type":"ListItem","position":3,"name":"Pelletofen Jotul PF 732"}]},{"@type":"WebSite","@id":"https:\/\/kaminland.de\/shop\/#website","url":"https:\/\/kaminland.de\/shop\/","name":"Kaminland Shop","description":"Alles rund um das Thema Feuer vom Fachh\u00e4ndler","publisher":{"@id":"https:\/\/kaminland.de\/shop\/#organization"},"potentialAction":[{"@type":"SearchAction","target":{"@type":"EntryPoint","urlTemplate":"https:\/\/kaminland.de\/shop\/?s={search_term_string}"},"query-input":{"@type":"PropertyValueSpecification","valueRequired":true,"valueName":"search_term_string"}}],"inLanguage":"de"},{"@type":"Organization","@id":"https:\/\/kaminland.de\/shop\/#organization","name":"Kaminland Online Shop","url":"https:\/\/kaminland.de\/shop\/","logo":{"@type":"ImageObject","inLanguage":"de","@id":"https:\/\/kaminland.de\/shop\/#\/schema\/logo\/image\/","url":"https:\/\/kaminland.de\/shop\/wp-content\/uploads\/2024\/03\/cropped-KL-logo-neu.jpg","contentUrl":"https:\/\/kaminland.de\/shop\/wp-content\/uploads\/2024\/03\/cropped-KL-logo-neu.jpg","width":823,"height":240,"caption":"Kaminland Online Shop"},"image":{"@id":"https:\/\/kaminland.de\/shop\/#\/schema\/logo\/image\/"},"sameAs":["https:\/\/www.facebook.com\/kaminland\/"]}]}},"_links":{"self":[{"href":"https:\/\/kaminland.de\/shop\/wp-json\/wp\/v2\/product\/1951","targetHints":{"allow":["GET"]}}],"collection":[{"href":"https:\/\/kaminland.de\/shop\/wp-json\/wp\/v2\/product"}],"about":[{"href":"https:\/\/kaminland.de\/shop\/wp-json\/wp\/v2\/types\/product"}],"replies":[{"embeddable":true,"href":"https:\/\/kaminland.de\/shop\/wp-json\/wp\/v2\/comments?post=1951"}],"version-history":[{"count":2,"href":"https:\/\/kaminland.de\/shop\/wp-json\/wp\/v2\/product\/1951\/revisions"}],"predecessor-version":[{"id":4412,"href":"https:\/\/kaminland.de\/shop\/wp-json\/wp\/v2\/product\/1951\/revisions\/4412"}],"wp:featuredmedia":[{"embeddable":true,"href":"https:\/\/kaminland.de\/shop\/wp-json\/wp\/v2\/media\/1952"}],"wp:attachment":[{"href":"https:\/\/kaminland.de\/shop\/wp-json\/wp\/v2\/media?parent=1951"}],"wp:term":[{"taxonomy":"product_brand","embeddable":true,"href":"https:\/\/kaminland.de\/shop\/wp-json\/wp\/v2\/product_brand?post=1951"},{"taxonomy":"product_cat","embeddable":true,"href":"https:\/\/kaminland.de\/shop\/wp-json\/wp\/v2\/product_cat?post=1951"},{"taxonomy":"product_tag","embeddable":true,"href":"https:\/\/kaminland.de\/shop\/wp-json\/wp\/v2\/product_tag?post=1951"}],"curies":[{"name":"wp","href":"https:\/\/api.w.org\/{rel}","templated":true}]}}