{"id":1370,"date":"2021-01-04T13:01:25","date_gmt":"2021-01-04T12:01:25","guid":{"rendered":"https:\/\/kaminland.de\/shop\/?post_type=product&#038;p=1370"},"modified":"2026-04-15T14:48:03","modified_gmt":"2026-04-15T12:48:03","slug":"scan-65-3-speckstein","status":"publish","type":"product","link":"https:\/\/kaminland.de\/shop\/produkt\/scan-65-3-speckstein\/","title":{"rendered":"SCAN 65-3 Speckstein"},"content":{"rendered":"<h3>SCAN 65-3 Speckstein<\/h3>\n<p>Der SCAN 65-3 Speckstein besticht durch tolles Design und ist auch in Ihrem Zuhause ein echter Hingucker.<\/p>\n<p>Das edle Design verdankt der Kaminofen renommierten Designern, welche mit SCAN zusammenarbeiten.<\/p>\n<p>Das einzigartige Soft-Closing-System ist bei diesem Kaminofen Standard.<\/p>\n<p>Schaffen Sie eine tolle Atmosph\u00e4re in ihrem Zuhause und genie\u00dfen Sie die W\u00e4rme und das tolle Feuerspiel durch das gro\u00dfz\u00fcgige Frontfenster des SCAN 65-3.<\/p>\n<p>Die Korpusfarbe k\u00f6nnen Sie nach Wunsch in schwarz oder grau w\u00e4hlen.<\/p>\n<ul>\n<li>H\u00f6he: bis 1200 mm<\/li>\n<li>Breite: bis 500 mm<\/li>\n<\/ul>\n<p>Ohne Seitenscheibe.<\/p>\n<p>Nennw\u00e4rmeleistung: 6 kW<\/p>\n<p><img decoding=\"async\" class=\" wp-image-1087\" title=\"a\" src=\"https:\/\/kaminland.de\/shop\/wp-content\/uploads\/2019\/08\/a.png\" alt=\"a\" width=\"116\" height=\"51\" \/><\/p>\n<p>&nbsp;<\/p>\n<p>Sie haben Fragen zu Ihrer Anschlusssituation, zu technischen Besonderheiten oder Gesetzen? Rufen Sie uns einfach an, wir sind f\u00fcr Sie da und helfen Ihnen gerne weiter.<\/p>\n<p>&nbsp;<\/p>\n<p>&nbsp;<\/p>\n","protected":false},"excerpt":{"rendered":"<p>Kaminofen der Marke SCAN, der Hersteller aus D\u00e4nemark.<\/p>\n<p>Das Modell hei\u00dft SCAN 65-3 Speckstein.<\/p>\n<p>Korpusfarbe: schwarz<\/p>\n<p>Ohne Seitenscheibe<\/p>\n<ul>\n<li>H\u00f6he: bis 1200 mm<\/li>\n<li>Breite: bis 500 mm<\/li>\n<\/ul>\n<p>Nennw\u00e4rmeleistung: 6 kW<\/p>\n<p><img decoding=\"async\" class=\" wp-image-1087\" title=\"a\" src=\"https:\/\/kaminland.de\/shop\/wp-content\/uploads\/2019\/08\/a.png\" alt=\"a\" width=\"100\" height=\"44\" \/><\/p>\n<p>&nbsp;<\/p>\n<p>&nbsp;<\/p>\n","protected":false},"featured_media":1371,"comment_status":"open","ping_status":"closed","template":"","meta":{"site-sidebar-layout":"default","site-content-layout":"","ast-site-content-layout":"default","site-content-style":"default","site-sidebar-style":"default","ast-global-header-display":"","ast-banner-title-visibility":"","ast-main-header-display":"","ast-hfb-above-header-display":"","ast-hfb-below-header-display":"","ast-hfb-mobile-header-display":"","site-post-title":"","ast-breadcrumbs-content":"","ast-featured-img":"","footer-sml-layout":"","ast-disable-related-posts":"","theme-transparent-header-meta":"","adv-header-id-meta":"","stick-header-meta":"","header-above-stick-meta":"","header-main-stick-meta":"","header-below-stick-meta":"","astra-migrate-meta-layouts":"default","ast-page-background-enabled":"default","ast-page-background-meta":{"desktop":{"background-color":"var(--ast-global-color-4)","background-image":"","background-repeat":"repeat","background-position":"center center","background-size":"auto","background-attachment":"scroll","background-type":"","background-media":"","overlay-type":"","overlay-color":"","overlay-opacity":"","overlay-gradient":""},"tablet":{"background-color":"","background-image":"","background-repeat":"repeat","background-position":"center center","background-size":"auto","background-attachment":"scroll","background-type":"","background-media":"","overlay-type":"","overlay-color":"","overlay-opacity":"","overlay-gradient":""},"mobile":{"background-color":"","background-image":"","background-repeat":"repeat","background-position":"center center","background-size":"auto","background-attachment":"scroll","background-type":"","background-media":"","overlay-type":"","overlay-color":"","overlay-opacity":"","overlay-gradient":""}},"ast-content-background-meta":{"desktop":{"background-color":"var(--ast-global-color-5)","background-image":"","background-repeat":"repeat","background-position":"center center","background-size":"auto","background-attachment":"scroll","background-type":"","background-media":"","overlay-type":"","overlay-color":"","overlay-opacity":"","overlay-gradient":""},"tablet":{"background-color":"var(--ast-global-color-5)","background-image":"","background-repeat":"repeat","background-position":"center center","background-size":"auto","background-attachment":"scroll","background-type":"","background-media":"","overlay-type":"","overlay-color":"","overlay-opacity":"","overlay-gradient":""},"mobile":{"background-color":"var(--ast-global-color-5)","background-image":"","background-repeat":"repeat","background-position":"center center","background-size":"auto","background-attachment":"scroll","background-type":"","background-media":"","overlay-type":"","overlay-color":"","overlay-opacity":"","overlay-gradient":""}}},"product_brand":[],"product_cat":[15],"product_tag":[],"class_list":{"0":"post-1370","1":"product","2":"type-product","3":"status-publish","4":"has-post-thumbnail","6":"product_cat-kaminoefen","7":"product_shipping_class-palette","8":"desktop-align-left","9":"tablet-align-left","10":"mobile-align-left","12":"first","13":"instock","14":"taxable","15":"shipping-taxable","16":"purchasable","17":"product-type-simple"},"yoast_head":"<!-- This site is optimized with the Yoast SEO plugin v27.5 - https:\/\/yoast.com\/product\/yoast-seo-wordpress\/ -->\n<title>SCAN 65-3 Speckstein -<\/title>\n<meta name=\"description\" content=\"Kaminofen Scan 65-3 mit Specksteinverkleidung, Leistung 3-8kW, Wirkungsgrad 82%, DiBT zertifiziert - Neuware\" \/>\n<meta name=\"robots\" content=\"index, follow, max-snippet:-1, max-image-preview:large, max-video-preview:-1\" \/>\n<link rel=\"canonical\" href=\"https:\/\/kaminland.de\/shop\/produkt\/scan-65-3-speckstein\/\" \/>\n<meta property=\"og:locale\" content=\"de_DE\" \/>\n<meta property=\"og:type\" content=\"article\" \/>\n<meta property=\"og:title\" content=\"SCAN 65-3 Speckstein -\" \/>\n<meta property=\"og:description\" content=\"Kaminofen Scan 65-3 mit Specksteinverkleidung, Leistung 3-8kW, Wirkungsgrad 82%, DiBT zertifiziert - Neuware\" \/>\n<meta property=\"og:url\" content=\"https:\/\/kaminland.de\/shop\/produkt\/scan-65-3-speckstein\/\" \/>\n<meta property=\"article:publisher\" content=\"https:\/\/www.facebook.com\/kaminland\/\" \/>\n<meta property=\"article:modified_time\" content=\"2026-04-15T12:48:03+00:00\" \/>\n<meta property=\"og:image\" content=\"https:\/\/kaminland.de\/shop\/wp-content\/uploads\/2019\/10\/speck.jpg\" \/>\n\t<meta property=\"og:image:width\" content=\"2000\" \/>\n\t<meta property=\"og:image:height\" content=\"2000\" \/>\n\t<meta property=\"og:image:type\" content=\"image\/jpeg\" \/>\n<meta name=\"twitter:card\" content=\"summary_large_image\" \/>\n<meta name=\"twitter:label1\" content=\"Gesch\u00e4tzte Lesezeit\" \/>\n\t<meta name=\"twitter:data1\" content=\"1\u00a0Minute\" \/>\n<script type=\"application\/ld+json\" class=\"yoast-schema-graph\">{\"@context\":\"https:\\\/\\\/schema.org\",\"@graph\":[{\"@type\":\"WebPage\",\"@id\":\"https:\\\/\\\/kaminland.de\\\/shop\\\/produkt\\\/scan-65-3-speckstein\\\/\",\"url\":\"https:\\\/\\\/kaminland.de\\\/shop\\\/produkt\\\/scan-65-3-speckstein\\\/\",\"name\":\"SCAN 65-3 Speckstein -\",\"isPartOf\":{\"@id\":\"https:\\\/\\\/kaminland.de\\\/shop\\\/#website\"},\"primaryImageOfPage\":{\"@id\":\"https:\\\/\\\/kaminland.de\\\/shop\\\/produkt\\\/scan-65-3-speckstein\\\/#primaryimage\"},\"image\":{\"@id\":\"https:\\\/\\\/kaminland.de\\\/shop\\\/produkt\\\/scan-65-3-speckstein\\\/#primaryimage\"},\"thumbnailUrl\":\"https:\\\/\\\/kaminland.de\\\/shop\\\/wp-content\\\/uploads\\\/2019\\\/10\\\/speck.jpg\",\"datePublished\":\"2021-01-04T12:01:25+00:00\",\"dateModified\":\"2026-04-15T12:48:03+00:00\",\"description\":\"Kaminofen Scan 65-3 mit Specksteinverkleidung, Leistung 3-8kW, Wirkungsgrad 82%, DiBT zertifiziert - Neuware\",\"breadcrumb\":{\"@id\":\"https:\\\/\\\/kaminland.de\\\/shop\\\/produkt\\\/scan-65-3-speckstein\\\/#breadcrumb\"},\"inLanguage\":\"de\",\"potentialAction\":[{\"@type\":\"ReadAction\",\"target\":[\"https:\\\/\\\/kaminland.de\\\/shop\\\/produkt\\\/scan-65-3-speckstein\\\/\"]}]},{\"@type\":\"ImageObject\",\"inLanguage\":\"de\",\"@id\":\"https:\\\/\\\/kaminland.de\\\/shop\\\/produkt\\\/scan-65-3-speckstein\\\/#primaryimage\",\"url\":\"https:\\\/\\\/kaminland.de\\\/shop\\\/wp-content\\\/uploads\\\/2019\\\/10\\\/speck.jpg\",\"contentUrl\":\"https:\\\/\\\/kaminland.de\\\/shop\\\/wp-content\\\/uploads\\\/2019\\\/10\\\/speck.jpg\",\"width\":2000,\"height\":2000,\"caption\":\"speck\"},{\"@type\":\"BreadcrumbList\",\"@id\":\"https:\\\/\\\/kaminland.de\\\/shop\\\/produkt\\\/scan-65-3-speckstein\\\/#breadcrumb\",\"itemListElement\":[{\"@type\":\"ListItem\",\"position\":1,\"name\":\"Startseite\",\"item\":\"https:\\\/\\\/kaminland.de\\\/shop\\\/\"},{\"@type\":\"ListItem\",\"position\":2,\"name\":\"Kaminland Shop\",\"item\":\"https:\\\/\\\/kaminland.de\\\/shop\\\/kaminland-shop\\\/\"},{\"@type\":\"ListItem\",\"position\":3,\"name\":\"SCAN 65-3 Speckstein\"}]},{\"@type\":\"WebSite\",\"@id\":\"https:\\\/\\\/kaminland.de\\\/shop\\\/#website\",\"url\":\"https:\\\/\\\/kaminland.de\\\/shop\\\/\",\"name\":\"Kaminland Shop\",\"description\":\"Alles rund um das Thema Feuer vom Fachh\u00e4ndler\",\"publisher\":{\"@id\":\"https:\\\/\\\/kaminland.de\\\/shop\\\/#organization\"},\"potentialAction\":[{\"@type\":\"SearchAction\",\"target\":{\"@type\":\"EntryPoint\",\"urlTemplate\":\"https:\\\/\\\/kaminland.de\\\/shop\\\/?s={search_term_string}\"},\"query-input\":{\"@type\":\"PropertyValueSpecification\",\"valueRequired\":true,\"valueName\":\"search_term_string\"}}],\"inLanguage\":\"de\"},{\"@type\":\"Organization\",\"@id\":\"https:\\\/\\\/kaminland.de\\\/shop\\\/#organization\",\"name\":\"Kaminland Online Shop\",\"url\":\"https:\\\/\\\/kaminland.de\\\/shop\\\/\",\"logo\":{\"@type\":\"ImageObject\",\"inLanguage\":\"de\",\"@id\":\"https:\\\/\\\/kaminland.de\\\/shop\\\/#\\\/schema\\\/logo\\\/image\\\/\",\"url\":\"https:\\\/\\\/kaminland.de\\\/shop\\\/wp-content\\\/uploads\\\/2024\\\/03\\\/cropped-KL-logo-neu.jpg\",\"contentUrl\":\"https:\\\/\\\/kaminland.de\\\/shop\\\/wp-content\\\/uploads\\\/2024\\\/03\\\/cropped-KL-logo-neu.jpg\",\"width\":823,\"height\":240,\"caption\":\"Kaminland Online Shop\"},\"image\":{\"@id\":\"https:\\\/\\\/kaminland.de\\\/shop\\\/#\\\/schema\\\/logo\\\/image\\\/\"},\"sameAs\":[\"https:\\\/\\\/www.facebook.com\\\/kaminland\\\/\"]}]}<\/script>\n<!-- \/ Yoast SEO plugin. -->","yoast_head_json":{"title":"SCAN 65-3 Speckstein -","description":"Kaminofen Scan 65-3 mit Specksteinverkleidung, Leistung 3-8kW, Wirkungsgrad 82%, DiBT zertifiziert - Neuware","robots":{"index":"index","follow":"follow","max-snippet":"max-snippet:-1","max-image-preview":"max-image-preview:large","max-video-preview":"max-video-preview:-1"},"canonical":"https:\/\/kaminland.de\/shop\/produkt\/scan-65-3-speckstein\/","og_locale":"de_DE","og_type":"article","og_title":"SCAN 65-3 Speckstein -","og_description":"Kaminofen Scan 65-3 mit Specksteinverkleidung, Leistung 3-8kW, Wirkungsgrad 82%, DiBT zertifiziert - Neuware","og_url":"https:\/\/kaminland.de\/shop\/produkt\/scan-65-3-speckstein\/","article_publisher":"https:\/\/www.facebook.com\/kaminland\/","article_modified_time":"2026-04-15T12:48:03+00:00","og_image":[{"width":2000,"height":2000,"url":"https:\/\/kaminland.de\/shop\/wp-content\/uploads\/2019\/10\/speck.jpg","type":"image\/jpeg"}],"twitter_card":"summary_large_image","twitter_misc":{"Gesch\u00e4tzte Lesezeit":"1\u00a0Minute"},"schema":{"@context":"https:\/\/schema.org","@graph":[{"@type":"WebPage","@id":"https:\/\/kaminland.de\/shop\/produkt\/scan-65-3-speckstein\/","url":"https:\/\/kaminland.de\/shop\/produkt\/scan-65-3-speckstein\/","name":"SCAN 65-3 Speckstein -","isPartOf":{"@id":"https:\/\/kaminland.de\/shop\/#website"},"primaryImageOfPage":{"@id":"https:\/\/kaminland.de\/shop\/produkt\/scan-65-3-speckstein\/#primaryimage"},"image":{"@id":"https:\/\/kaminland.de\/shop\/produkt\/scan-65-3-speckstein\/#primaryimage"},"thumbnailUrl":"https:\/\/kaminland.de\/shop\/wp-content\/uploads\/2019\/10\/speck.jpg","datePublished":"2021-01-04T12:01:25+00:00","dateModified":"2026-04-15T12:48:03+00:00","description":"Kaminofen Scan 65-3 mit Specksteinverkleidung, Leistung 3-8kW, Wirkungsgrad 82%, DiBT zertifiziert - Neuware","breadcrumb":{"@id":"https:\/\/kaminland.de\/shop\/produkt\/scan-65-3-speckstein\/#breadcrumb"},"inLanguage":"de","potentialAction":[{"@type":"ReadAction","target":["https:\/\/kaminland.de\/shop\/produkt\/scan-65-3-speckstein\/"]}]},{"@type":"ImageObject","inLanguage":"de","@id":"https:\/\/kaminland.de\/shop\/produkt\/scan-65-3-speckstein\/#primaryimage","url":"https:\/\/kaminland.de\/shop\/wp-content\/uploads\/2019\/10\/speck.jpg","contentUrl":"https:\/\/kaminland.de\/shop\/wp-content\/uploads\/2019\/10\/speck.jpg","width":2000,"height":2000,"caption":"speck"},{"@type":"BreadcrumbList","@id":"https:\/\/kaminland.de\/shop\/produkt\/scan-65-3-speckstein\/#breadcrumb","itemListElement":[{"@type":"ListItem","position":1,"name":"Startseite","item":"https:\/\/kaminland.de\/shop\/"},{"@type":"ListItem","position":2,"name":"Kaminland Shop","item":"https:\/\/kaminland.de\/shop\/kaminland-shop\/"},{"@type":"ListItem","position":3,"name":"SCAN 65-3 Speckstein"}]},{"@type":"WebSite","@id":"https:\/\/kaminland.de\/shop\/#website","url":"https:\/\/kaminland.de\/shop\/","name":"Kaminland Shop","description":"Alles rund um das Thema Feuer vom Fachh\u00e4ndler","publisher":{"@id":"https:\/\/kaminland.de\/shop\/#organization"},"potentialAction":[{"@type":"SearchAction","target":{"@type":"EntryPoint","urlTemplate":"https:\/\/kaminland.de\/shop\/?s={search_term_string}"},"query-input":{"@type":"PropertyValueSpecification","valueRequired":true,"valueName":"search_term_string"}}],"inLanguage":"de"},{"@type":"Organization","@id":"https:\/\/kaminland.de\/shop\/#organization","name":"Kaminland Online Shop","url":"https:\/\/kaminland.de\/shop\/","logo":{"@type":"ImageObject","inLanguage":"de","@id":"https:\/\/kaminland.de\/shop\/#\/schema\/logo\/image\/","url":"https:\/\/kaminland.de\/shop\/wp-content\/uploads\/2024\/03\/cropped-KL-logo-neu.jpg","contentUrl":"https:\/\/kaminland.de\/shop\/wp-content\/uploads\/2024\/03\/cropped-KL-logo-neu.jpg","width":823,"height":240,"caption":"Kaminland Online Shop"},"image":{"@id":"https:\/\/kaminland.de\/shop\/#\/schema\/logo\/image\/"},"sameAs":["https:\/\/www.facebook.com\/kaminland\/"]}]}},"_links":{"self":[{"href":"https:\/\/kaminland.de\/shop\/wp-json\/wp\/v2\/product\/1370","targetHints":{"allow":["GET"]}}],"collection":[{"href":"https:\/\/kaminland.de\/shop\/wp-json\/wp\/v2\/product"}],"about":[{"href":"https:\/\/kaminland.de\/shop\/wp-json\/wp\/v2\/types\/product"}],"replies":[{"embeddable":true,"href":"https:\/\/kaminland.de\/shop\/wp-json\/wp\/v2\/comments?post=1370"}],"version-history":[{"count":3,"href":"https:\/\/kaminland.de\/shop\/wp-json\/wp\/v2\/product\/1370\/revisions"}],"predecessor-version":[{"id":4381,"href":"https:\/\/kaminland.de\/shop\/wp-json\/wp\/v2\/product\/1370\/revisions\/4381"}],"wp:featuredmedia":[{"embeddable":true,"href":"https:\/\/kaminland.de\/shop\/wp-json\/wp\/v2\/media\/1371"}],"wp:attachment":[{"href":"https:\/\/kaminland.de\/shop\/wp-json\/wp\/v2\/media?parent=1370"}],"wp:term":[{"taxonomy":"product_brand","embeddable":true,"href":"https:\/\/kaminland.de\/shop\/wp-json\/wp\/v2\/product_brand?post=1370"},{"taxonomy":"product_cat","embeddable":true,"href":"https:\/\/kaminland.de\/shop\/wp-json\/wp\/v2\/product_cat?post=1370"},{"taxonomy":"product_tag","embeddable":true,"href":"https:\/\/kaminland.de\/shop\/wp-json\/wp\/v2\/product_tag?post=1370"}],"curies":[{"name":"wp","href":"https:\/\/api.w.org\/{rel}","templated":true}]}}